are the prime factors of q(2)?
5
Let l(i) be the second derivative of i**5/10 - 5*i**4/12 - i**3/6 - 3*i**2/2 - 4*i. What are the prime factors of l(4)?
41
Let k(b) = 34*b - 6. Let q be (-4)/(-4 + (-20)/(-6)). List the prime factors of k(q).
2, 3, 11
Suppose 5*s + 360 = 110. List the prime factors of ((-91)/(-26))/(0 - 1/s).
5, 7
Let v(b) = -b**3 - 4*b**2 + 5*b - 9. Let d be ((-3)/9)/(-1) + (-38)/6. List the prime factors of v(d).
3, 11
List the prime factors of 497 - (-4*10)/8.
2, 251
Let c be (12/7)/(-2 - 64/(-28)). List the prime factors of (1 + (-596 - -5))*c/(-15).
2, 59
Suppose v + 1091 = 31*j - 28*j, 5*v = -4*j + 1442. List the prime factors of j.
3, 11
Let r = -15 - -4. Let x = -8 - r. Suppose -x*n + 4*w = -53, 8*w + 15 = n + 6*w. List the prime factors of n.
23
Suppose 14956 = 5*d + 204*s - 201*s, 3*s = 6. List the prime factors of d.
2, 5, 13, 23
Suppose 0 = -4*c + 5*c - 6. Let i(d) = -d - 13. Let y(g) = g + 7. Let r(h) = 6*i(h) + 11*y(h). List the prime factors of r(c).
29
Let c(q) = q**2 - 8*q + 2. Let n be c(8). Suppose n*k + 25 = -155. List the prime factors of k/12*(-4)/5.
2, 3
Let h(m) = 3*m**3 + 3*m**2 - 3*m + 1. Let j = 2 - 4. Let x(r) = -3*r**3 - 4*r**2 + 4*r - 1. Let q(v) = j*x(v) - 3*h(v). What are the prime factors of q(-2)?
17
Let m(v) be the third derivative of v**4/8 - 5*v**3/6 + 10*v**2. Let f be m(3). What are the prime factors of (84/16)/(1/f)?
3, 7
Let n = -234 - -637. What are the prime factors of n?
13, 31
Suppose -3*z = 2*n - 174, -5*n + 8 = 3*z - 427. Let x be (-2)/3*(-69 + 0). Let y = n - x. List the prime factors of y.
41
Let a = -127 - -238. List the prime factors of (4/(-6))/((-2)/a).
37
Let s(o) = 6*o**3 + 6*o**2 + 21. List the prime factors of s(6).
3, 7, 73
Let i = -6 - -10. Suppose -i*n + 134 = j, -3*j + 5*n + 337 = 4*n. List the prime factors of j.
2, 3, 19
List the prime factors of (-27)/6*(1248/(-18) + 6).
3, 5, 19
Suppose 0 = -y - 3*p + 1578, 2*y - 3*p - 3204 + 3 = 0. What are the prime factors of y?
3, 59
Let y(j) = 7*j - 18. Let m(a) = 7*a - 17. Let p(b) = 4*m(b) - 5*y(b). What are the prime factors of p(-12)?
2, 53
Let u(b) = 10*b - 5 + 2*b + 0*b**2 - 9*b + 6*b**3 + b**2. What are the prime factors of u(2)?
53
What are the prime factors of (-657712)/(-136) - (6/51 + 0)?
2, 3, 13, 31
List the prime factors of (-8)/((-120)/75) + (-204)/(-2).
107
Let p(z) = -2*z**2 - 26*z + 2. Let s be (-1)/(4 + (-43)/11). List the prime factors of p(s).
2, 23
Suppose 5*s = -0*s + b + 8, -3*b = -6. Suppose k + c - 52 = -s*k, -2*k + 4*c = -44. What are the prime factors of k?
2, 3
Suppose 2*o - 4*o = 28. Let d be o/105 - (-92)/15. Suppose d*x - x = 35. List the prime factors of x.
7
Let s(k) = k**3 - 6*k**2 + 2*k + 4. Let u be s(7). Suppose -6*t + 365 = -u. List the prime factors of t.
2, 3
Let f be (-42)/63*1362/(-4). Let m = 325 - f. List the prime factors of m.
2, 7
Let t(f) = -2*f**3 - 8*f**2 - 44*f + 21. List the prime factors of t(-14).
3, 7, 31
Let v(k) = 137*k**2 + 34*k + 80. What are the prime factors of v(-3)?
7, 173
Suppose -s = -4*j + 4, s = -s - 4*j + 16. Suppose -s*f - 2955 = -9*f. List the prime factors of 10/(-65) + f/39.
3, 5
Let a = -1457 + 665. What are the prime factors of (-4)/(-20) + a/(-15)?
53
Suppose 4*b + 2*d + 52 = 0, -d = -b + 3*d - 31. What are the prime factors of -422*(4 + b/2 - -3)?
211
Let b be 22/6 - (-12)/36. Suppose l = 3*m - 174, b*m - 56 = 5*l + 165. What are the prime factors of m?
59
Suppose 2*j + 9*v = 6*v + 1696, 5*j = -2*v + 4240. List the prime factors of j.
2, 53
Let r = 234 - 114. List the prime factors of r.
2, 3, 5
Let l = 21 + -17. Suppose 0 = v - 0*j - 5*j - 2, -2*v + l = -j. Suppose -2*t + v = 3*o, 2*o + t + 7 = -2*t. List the prime factors of o.
2
Let r = 56 + -39. Suppose 38 = 5*j - r. List the prime factors of j.
11
Suppose -h + 3*p + 3005 = 0, -4*h + 3093 + 8916 = -p. What are the prime factors of h?
2, 19, 79
Suppose 0 = 3*m - 7*m + 764. List the prime factors of m.
191
Let b(f) = -2*f**3 - 17*f**2 - 43*f + 26. What are the prime factors of b(-10)?
2, 3, 7
Suppose 7*m - 9*m + 1872 = 0. Suppose 3*p = 15*p - m. What are the prime factors of p?
2, 3, 13
Let n = -3 - -6. Suppose -n*t + 4*t = 1. List the prime factors of (-1)/(t/(-15)) + 3.
2, 3
Suppose 17 + 13 = 6*l. Let d be -1*2 - (-95)/1. Suppose 66 = r - w, -l*r + 245 + d = 3*w. What are the prime factors of r?
67
Let v = -3151 + 5378. List the prime factors of v.
17, 131
Let g be (12/((-9)/(-3)))/(3/36). Suppose 0*z + z = 2*w + 30, w + 4*z + 6 = 0. Let a = g + w. List the prime factors of a.
2, 17
Let i be (-3)/(-5) + 198/45. Suppose -4*g + 3*d = i*d - 50, -13 = -2*g - 5*d. Suppose g - 3 = p. What are the prime factors of p?
11
Suppose -4*o + 5*z + 7 = 0, 0 = 3*o + 3*z - 1 - 11. Suppose o*s + 22 = 5*s. Let x = 47 - s. List the prime factors of x.
2, 3
Suppose -835*h + 841*h = 10554. List the prime factors of h.
1759
Let j be (-8)/(-5) - 12/(-30). Suppose -m + 261 = j*s - 44, 0 = -3*s. What are the prime factors of m/7 + 33/77?
2, 11
Let n = 5 - -11. Let c(a) = -n - 10 + 6*a + 11 - 4. What are the prime factors of c(10)?
41
Suppose -2*r - 2*r + 16 = 0, 4*b = -r + 2744. List the prime factors of b.
5, 137
Let c(d) = -d**3 - d + 9. Let i be 0/(-4) - (-3 + -6). Suppose 5*j - 4*l = -i*l - 20, 3*l = 4*j - 12. List the prime factors of c(j).
3
Let l = -19 + 7. List the prime factors of 1*-59*(l - -11).
59
Let w(z) = -z. Let a be w(-5). Let r = 225 + -153. Suppose -p + a*p = r. List the prime factors of p.
2, 3
Suppose -13*d + 96 = -12*d. Let u be 3/2*d/18. Suppose -y + 9 = -u. List the prime factors of y.
17
Suppose -12 + 0 = -4*x. Suppose -x*s = -18 + 42. List the prime factors of s/(1/(-4)*2).
2
Let j = -273 + 527. List the prime factors of j.
2, 127
Let d(v) = 9 - 5 + 3 + 38*v. List the prime factors of d(8).
311
Let f = -1467 - -3311. What are the prime factors of f?
2, 461
Suppose -9*h = -5*h + 92. Let s be (-2)/8 + h/4. What are the prime factors of (-1)/(-2) + (-81)/s?
2, 7
Suppose -176 = -3*w + 436. Suppose 2*l = -5*x + w, -x - l + 46 = 2*l. List the prime factors of x.
2, 5
Suppose 0*m = b + 4*m - 24, 0 = -5*b + 2*m + 10. Suppose -4*n + 140 = -b*j, -5*n + 2*n + 105 = -4*j. List the prime factors of n.
5, 7
Suppose 2*n + 11 = 77. Suppose 6*q + n = 9*q. List the prime factors of q.
11
Let f(d) = d**3 - 5*d**2 + 2*d - 1. Let c be f(5). What are the prime factors of c - 0*(-5)/10?
3
Suppose b = 4*b + 33. Let c be b/(-55) - 19/(-5). Suppose 3*m + r = 14, -3 = 5*m - c*r + 2. What are the prime factors of m?
3
Let p = -34 - -44. List the prime factors of (-2 + 5/p)*(2 + -14).
2, 3
Let r(a) = -25*a - 38. What are the prime factors of r(-13)?
7, 41
Suppose 9 = -2*p + 19. Suppose 22 = -r - 3*n - 22, p*n = 3*r + 90. List the prime factors of (3 - 2)/((-1)/r).
5, 7
Suppose -42 = -3*g - 4*g. Suppose -3*n + g*n - 90 = 0. List the prime factors of n.
2, 3, 5
Let p(o) = -o - 17. Let u be p(0). Let f = 34 + u. Let n = f + 12. What are the prime factors of n?
29
List the prime factors of (-2193)/((0 + 8)/(-8)).
3, 17, 43
Suppose 0 = 6*p - 2*p - 12. Suppose 5*t = -p*i + 50 + 359, -3*i + 329 = 4*t. List the prime factors of t.
2, 5
Suppose 0 = -0*s + 5*s, -2*s = 3*q - 1005. Suppose 0 = -6*c + c + q. What are the prime factors of c?
67
Suppose 0 = -29*b + 30*b - 43. List the prime factors of b.
43
Suppose u + 3*j = 10, 5*u + j - 10 = 6*j. List the prime factors of u*-1*(-1 - (13 + 2)).
2
Let w(h) = -h - 2. Let f be w(4). Let j be 2/f + (-410)/(-6). What are the prime factors of j/6 + 22/33?
2, 3
Suppose -5*v = -0*v. Suppose -4*k - k + 5 = v. List the prime factors of 6/(-1 + 2/k).
2, 3
Suppose -5*g + 4*v + 32 = 0, 3*g - 2*g + 3*v = -5. Suppose -4*t - 16 = -2*c + c, 124 = g*c - t. List the prime factors of c.
2
Suppose -2*c + 2*h = -2*h, 3*c - 3*h = 0. Suppose c = -11*q + 3*q + 1376. List the prime factors of q.
2, 43
Let l = 1075 - -1224. What are the prime factors of l?
11, 19
Suppose -17*z - 14*z + 115754 = 0. List the prime factors of z.
2, 1867
Let d(n) = n**2 + 11*n + 73. List the prime factors of d(0).
73
Let a(l) be the first derivative of l**4/4 + 10*l**3/3 - 2*l**2 - 12*l - 17. What are the prime factors of a(-10)?
2, 7
Let o be 1 + 52*6/(-6). Suppose 3*t + 2*b = -1292, -3*b = 4*t - 5*b + 1718. List the prime factor